5?
True
Is 1822294 a multiple of 779?
False
Is 8916 a multiple of 2?
True
Is 51249 a multiple of 33?
True
Is 4294893 a multiple of 453?
True
Does 383 divide 2177738?
True
Is 280896 a multiple of 456?
True
Does 8 divide 1179856?
True
Is 1869021 a multiple of 98?
False
Is 226625 a multiple of 15?
False
Does 12 divide 602946?
False
Is 4 a factor of 366856?
True
Does 14 divide 61068?
True
Is 1150 a factor of 6414700?
True
Is 17 a factor of 4496568?
True
Does 92 divide 295320?
True
Is 1539213 a multiple of 647?
True
Is 5378017 a multiple of 1560?
False
Does 8 divide 189560?
True
Does 53 divide 117395?
True
Is 201747 a multiple of 7?
True
Does 133 divide 3278184?
True
Is 17166 a multiple of 3?
True
Is 63882 a multiple of 18?
True
Does 314 divide 34540?
True
Does 138 divide 3556016?
False
Does 100 divide 631800?
True
Is 366 a factor of 209199?
False
Is 75 a factor of 5038037?
False
Is 21450 a multiple of 10?
True
Does 451 divide 42252?
False
Is 43758 a multiple of 153?
True
Does 2 divide 287913?
False
Does 79 divide 1904611?
True
Does 14 divide 1964466?
True
Is 245 a factor of 648042?
False
Is 817 a factor of 1734588?
False
Is 608291 a multiple of 76?
False
Is 2643098 a multiple of 847?
False
Is 616140 a multiple of 16?
False
Is 2440949 a multiple of 133?
True
Does 13 divide 6082739?
True
Is 455 a factor of 155757?
False
Is 1214471 a multiple of 12?
False
Is 45740 a multiple of 5?
True
Does 19 divide 1575683?
False
Is 14 a factor of 25929?
False
Is 62184 a multiple of 81?
False
Is 66 a factor of 18323514?
True
Does 26 divide 3082050?
False
Does 96 divide 352992?
True
Is 150887 a multiple of 319?
True
Does 5 divide 2193913?
False
Is 136 a factor of 146160?
False
Is 171 a factor of 5069431?
False
Is 16394 a multiple of 6?
False
Does 673 divide 11534547?
True
Is 160 a factor of 479040?
True
Is 1020800 a multiple of 275?
True
Is 4 a factor of 555233?
False
Is 244 a factor of 64378?
False
Does 12 divide 547589?
False
Does 8 divide 592952?
True
Is 344 a factor of 1359832?
True
Does 111 divide 45954?
True
Does 58 divide 130442?
True
Is 804 a factor of 10434390?
False
Is 3234391 a multiple of 569?
False
Does 154 divide 311080?
True
Is 1193542 a multiple of 641?
True
Does 92 divide 274571?
False
Is 672 a factor of 1207473?
False
Is 36 a factor of 114165?
False
Is 259490 a multiple of 55?
True
Is 125800 a multiple of 68?
True
Does 25 divide 277023?
False
Does 30 divide 3545790?
True
Is 381958 a multiple of 14?
False
Is 303 a factor of 130593?
True
Is 142941 a multiple of 87?
True
Is 809568 a multiple of 12?
True
Is 204 a factor of 3658944?
True
Does 101 divide 4187662?
True
Does 21 divide 924924?
True
Does 62 divide 227788?
True
Is 48 a factor of 9189360?
True
Does 59 divide 1104657?
True
Is 29 a factor of 6220?
False
Does 167 divide 14028538?
False
Is 71285 a multiple of 8?
False
Is 155231 a multiple of 40?
False
Does 23 divide 130765?
False
Is 67 a factor of 323811?
True
Is 32 a factor of 2232320?
True
Is 2490520 a multiple of 290?
True
Is 5806755 a multiple of 11?
False
Is 378 a factor of 428840?
False
Is 1118950 a multiple of 74?
False
Is 37 a factor of 89318?
True
Does 279 divide 562743?
True
Does 21 divide 395929?
False
Is 624 a factor of 1803360?
True
Is 4430098 a multiple of 23?
False
Does 42 divide 803268?
False
Does 29 divide 639785?
False
Does 141 divide 1529970?
False
Is 556 a factor of 2692708?
True
Does 26 divide 1373533?
False
Is 371 a factor of 594680?
False
Is 2048167 a multiple of 85?
False
Is 224554 a multiple of 22?
True
Is 53 a factor of 15423?
True
Does 38 divide 119396?
True
Is 29 a factor of 11506649?
True
Does 653 divide 382658?
True
Is 148 a factor of 5879490?
False
Is 5 a factor of 1726881?
False
Is 20 a factor of 10198587?
False
Is 430542 a multiple of 42?
True
Is 15 a factor of 9330?
True
Is 298 a factor of 1931934?
True
Does 30 divide 1936222?
False
Is 225 a factor of 17325?
True
Is 214111 a multiple of 62?
False
Is 5165340 a multiple of 985?
True
Is 15 a factor of 613404?
False
Does 10 divide 16260?
True
Is 31932 a multiple of 36?
True
Is 633976 a multiple of 28?
True
Is 194742 a multiple of 31?
True
Is 5 a factor of 45692?
False
Does 25 divide 128025?
True
Is 67 a factor of 88692?
False
Is 115016 a multiple of 83?
False
Is 620400 a multiple of 72?
False
Does 48 divide 254928?
True
Is 5 a factor of 41166?
False
Is 5939505 a multiple of 65?
True
Is 1751256 a multiple of 52?
True
Does 32 divide 66080?
True
Is 178627 a multiple of 154?
False
Is 14 a factor of 298724?
False
Is 186105 a multiple of 15?
True
Does 21 divide 408945?
False
Is 161 a factor of 7351421?
True
Does 623 divide 2355182?
False
Does 46 divide 1834848?
True
Is 402 a factor of 866362?
False
Does 519 divide 653938?
False
Is 16 a factor of 2290388?
False
Does 34 divide 2955002?
False
Is 171335 a multiple of 5?
True
Does 138 divide 67430?
False
Does 45 divide 1903686?
False
Is 12042883 a multiple of 829?
True
Does 33 divide 1671384?
True
Is 125473 a multiple of 271?
True
Is 3358318 a multiple of 51?
False
Is 5690002 a multiple of 53?
False
Is 343000 a multiple of 1400?
True
Is 8552996 a multiple of 267?
False
Is 342314 a multiple of 383?
False
Does 9 divide 250659?
True
Is 2 a factor of 18150?
True
Does 182 divide 129220?
True
Is 50954 a multiple of 7?
False
Is 331 a factor of 303757?
False
Is 145063 a multiple of 14?
False
Is 398 a factor of 600582?
True
Is 6839482 a multiple of 13?
True
Is 40752 a multiple of 34?
False
Is 94 a factor of 1044246?
True
Does 42 divide 115583?
False
Is 524 a factor of 1145385?
False
Is 355 a factor of 103660?
True
Is 231 a factor of 1533424?
False
Is 2188920 a multiple of 68?
True
Is 135142 a multiple of 98?
True
Is 82013 a multiple of 4?
False
Is 230763 a multiple of 31?
False
Does 76 divide 3278032?
True
Is 11 a factor of 3852234?
False
Is 133022 a multiple of 738?
False
Is 9475 a multiple of 142?
False
Does 19 divide 1778115?
True
Does 9 divide 68467?
False
Does 38 divide 1366100?
True
Does 3 divide 42042?
True
Is 11 a factor of 3747392?
True
Is 2 a factor of 80559?
False
Is 155190 a multiple of 5?
True
Does 11 divide 307164?
True
Is 17 a factor of 10562448?
False
Does 208 divide 10901904?
True
Is 15 a factor of 1227029?
False
Does 2 divide 2333507?
False
Is 6281451 a multiple of 67?
True
Is 283851 a multiple of 5?
False
Is 18 a factor of 89982?
True
Does 763 divide 21364?
True
Does 124 divide 1227352?
True
Does 8 divide 573?
False
Does 16 divide 311104?
True
Is 153 a factor of 191250?
True
Is 51 a factor of 13732821?
True
Is 839 a factor of 4752935?
True
Is 143273 a multiple of 103?
True
Is 186 a factor of 279372?
True
Does 23 divide 170407?
True
Does 55 divide 85690?
True
Is 1564640 a multiple of 84?
False
Is 772400 a multiple of 40?
True
Is 7186451 a multiple of 480?
False
Does 1337 divide 18546864?
True
Is 88 a factor of 104148?
False
Is 10 a factor of 144476?
False
Is 476140 a multiple of 28?
True
Does 439 divide 12977326?
False
Is 16037728 a multiple of 22?
False
Is 79 a factor of 416409?
True
Is 134 a factor of 1960076?
False
Is 18450 a multiple of 41?
True
Is 219 a factor of 682945?
False
Is 362 a factor of 59730?
True
Does 144 divide 452567?
False
Does 9 divide 12730644?
True
Is 22 a factor of 398288?
True
Is 269580 a multiple of 10?
True
Is 32 a factor of 1674976?
True
Is 102 a factor of 813873?
False
Is 61 a factor of 120218?
False
Does 12 divide 84468?
True
Is 43 a factor of 5752507?
False
Is 7168656 a multiple of 16?
True
Is 10 a factor of 1732730?
True
Is 229 a factor of 1150038?
True
Is 5621240 a multiple of 1043?
False
Is 38 a factor of 172936?
False
Is 287 a factor of 13223472?
False
Is 5 a factor of 59055?
True
Is 5753208 a multiple of 118?
True
Does 4 divide 999832?
True
Is 191130 a multiple of 115?
True
Is 10 a factor of 431085?
False
Is 188 a factor of 1507572?
True
Is 5 a factor of 56345?
True
Is 1131 a factor of 4869400?
False
Is 1862860 a multiple of 68?
True
Is 150 a factor of 1369200?
True
Is 59 a factor of 1326792?
True
Does 58 divide 1766168?
False
Does 37 divide 180560?
True
Is 153786 a multiple of 114?
True
Is 416545 a multiple of 38?
False
Is 3026806 a multiple of 19?
False
Is 148 a factor of 1941760?
True
Is 199510 a multiple of 6?
False
Is 73 a factor of 46209?
True
Is 55 a factor of 111586?
False